{"id":123,"date":"2022-10-14T06:56:23","date_gmt":"2022-10-14T06:56:23","guid":{"rendered":"https:\/\/fixa.tech\/nomagicagencycolinasdodouro\/?post_type=product&#038;p=123"},"modified":"2022-11-15T12:24:21","modified_gmt":"2022-11-15T12:24:21","slug":"quinta-da-extrema-grande-reserva-cabernet-sauvigon-2018","status":"publish","type":"product","link":"https:\/\/fixa.tech\/nomagicagencycolinasdodouro\/produto\/quinta-da-extrema-grande-reserva-cabernet-sauvigon-2018\/","title":{"rendered":"Quinta da Extrema Grande Reserva Cabernet Sauvigon 2018"},"content":{"rendered":"<p>Um vinho irreverente, produzido a partir de uma casta cl\u00e1ssica n\u00e3o aut\u00f3ctone. Basta ter sua elabora\u00e7\u00e3o por suas caracter\u00edsticas impares de concentra\u00e7\u00e3o, frescura e complexidade, que lhe permite evoluir nobre em garrafa durante v\u00e1rios anos.<\/p>\n<p>Estamos intimamente ligados \u00e0 nossa terra e \u00e0 nossa hist\u00f3ria, \u00e9 por isso que sempre dar protagonismo \u00e0s castas aut\u00f3ctones do nosso pa\u00eds e da nossa regi\u00e3o&#8230;. mas este Cabernet Sauvignon impressionou-nos de tal forma, queremos partilh\u00e1-lo consigo na sua forma mais genu\u00edna.<\/p>\n<h3>Castas<\/h3>\n<p>Cabernet Sauvignon 100%<\/p>\n<h3>Est\u00e1gio<\/h3>\n<p>18 meses em barrica de carvalho franc\u00eas.<\/p>\n<p>&nbsp;<\/p>\n<p class=\"shipping-label\"><!-- [et_pb_line_break_holder] -->Portes de Envio: <strong>Envio gr\u00e1tis para compras acima de 47,99 \u20ac<\/strong><br \/>\n<!-- [et_pb_line_break_holder] --> Entregas em 48 a 72h uteis, salvo ruptura de stock<!-- [et_pb_line_break_holder] --><\/p>\n","protected":false},"excerpt":{"rendered":"<p>Um vinho irreverente, produzido a partir de uma casta cl\u00e1ssica n\u00e3o aut\u00f3ctone. Basta ter sua elabora\u00e7\u00e3o por suas caracter\u00edsticas impares de concentra\u00e7\u00e3o, frescura e complexidade, que lhe permite evoluir nobre em garrafa durante v\u00e1rios anos. Estamos intimamente ligados \u00e0 nossa terra e \u00e0 nossa hist\u00f3ria, \u00e9 por isso que sempre dar protagonismo \u00e0s castas aut\u00f3ctones [&hellip;]<\/p>\n","protected":false},"featured_media":147,"comment_status":"open","ping_status":"closed","template":"","meta":[],"product_cat":[21],"product_tag":[],"acf":[],"_links":{"self":[{"href":"https:\/\/fixa.tech\/nomagicagencycolinasdodouro\/wp-json\/wp\/v2\/product\/123"}],"collection":[{"href":"https:\/\/fixa.tech\/nomagicagencycolinasdodouro\/wp-json\/wp\/v2\/product"}],"about":[{"href":"https:\/\/fixa.tech\/nomagicagencycolinasdodouro\/wp-json\/wp\/v2\/types\/product"}],"replies":[{"embeddable":true,"href":"https:\/\/fixa.tech\/nomagicagencycolinasdodouro\/wp-json\/wp\/v2\/comments?post=123"}],"wp:featuredmedia":[{"embeddable":true,"href":"https:\/\/fixa.tech\/nomagicagencycolinasdodouro\/wp-json\/wp\/v2\/media\/147"}],"wp:attachment":[{"href":"https:\/\/fixa.tech\/nomagicagencycolinasdodouro\/wp-json\/wp\/v2\/media?parent=123"}],"wp:term":[{"taxonomy":"product_cat","embeddable":true,"href":"https:\/\/fixa.tech\/nomagicagencycolinasdodouro\/wp-json\/wp\/v2\/product_cat?post=123"},{"taxonomy":"product_tag","embeddable":true,"href":"https:\/\/fixa.tech\/nomagicagencycolinasdodouro\/wp-json\/wp\/v2\/product_tag?post=123"}],"curies":[{"name":"wp","href":"https:\/\/api.w.org\/{rel}","templated":true}]}}