{"id":118,"date":"2022-10-14T06:56:22","date_gmt":"2022-10-14T06:56:22","guid":{"rendered":"https:\/\/fixa.tech\/nomagicagencycolinasdodouro\/?post_type=product&#038;p=118"},"modified":"2022-11-15T12:34:58","modified_gmt":"2022-11-15T12:34:58","slug":"colinas-do-douro-reserva-tinto-2018","status":"publish","type":"product","link":"https:\/\/fixa.tech\/nomagicagencycolinasdodouro\/produto\/colinas-do-douro-reserva-tinto-2018\/","title":{"rendered":"Colinas do Douro Reserva Tinto 2018"},"content":{"rendered":"<p>Perfil cl\u00e1ssico do Douro com mistura de muitas castas, Touriga Nacional, Touriga Franca, Tinto C\u00e3o, Tinta Roriz e Sous\u00e3o. As uvas v\u00eam de diferentes vinhas entre 450 e 650 metros de altitude e plantadas em solos gran\u00edticos e xistosos. \u00c9 de perfil elegante e sublime, com v\u00e1rias camadas de complexidade.<\/p>\n<h3>Castas<\/h3>\n<p>Touriga Nacional, Touriga Franca, Tinto C\u00e3o, Tinta Roriz e Sous\u00e3o<\/p>\n<h3>Est\u00e1gio<\/h3>\n<p>Est\u00e1gio m\u00ednimo de 6 meses em garrafa. 12 meses em Barricas de Carvalho Franc\u00eas 225L.<\/p>\n<p>&nbsp;<\/p>\n<p class=\"shipping-label\"><!-- [et_pb_line_break_holder] -->Portes de Envio: <strong>Envio gr\u00e1tis para compras acima de 47,99 \u20ac<\/strong><br \/>\n<!-- [et_pb_line_break_holder] --> Entregas em 48 a 72h uteis, salvo ruptura de stock<!-- [et_pb_line_break_holder] --><\/p>\n","protected":false},"excerpt":{"rendered":"<p>Perfil cl\u00e1ssico do Douro com mistura de muitas castas, Touriga Nacional, Touriga Franca, Tinto C\u00e3o, Tinta Roriz e Sous\u00e3o. As uvas v\u00eam de diferentes vinhas entre 450 e 650 metros de altitude e plantadas em solos gran\u00edticos e xistosos. \u00c9 de perfil elegante e sublime, com v\u00e1rias camadas de complexidade. Castas Touriga Nacional, Touriga Franca, [&hellip;]<\/p>\n","protected":false},"featured_media":138,"comment_status":"open","ping_status":"closed","template":"","meta":[],"product_cat":[18,29],"product_tag":[],"acf":[],"_links":{"self":[{"href":"https:\/\/fixa.tech\/nomagicagencycolinasdodouro\/wp-json\/wp\/v2\/product\/118"}],"collection":[{"href":"https:\/\/fixa.tech\/nomagicagencycolinasdodouro\/wp-json\/wp\/v2\/product"}],"about":[{"href":"https:\/\/fixa.tech\/nomagicagencycolinasdodouro\/wp-json\/wp\/v2\/types\/product"}],"replies":[{"embeddable":true,"href":"https:\/\/fixa.tech\/nomagicagencycolinasdodouro\/wp-json\/wp\/v2\/comments?post=118"}],"wp:featuredmedia":[{"embeddable":true,"href":"https:\/\/fixa.tech\/nomagicagencycolinasdodouro\/wp-json\/wp\/v2\/media\/138"}],"wp:attachment":[{"href":"https:\/\/fixa.tech\/nomagicagencycolinasdodouro\/wp-json\/wp\/v2\/media?parent=118"}],"wp:term":[{"taxonomy":"product_cat","embeddable":true,"href":"https:\/\/fixa.tech\/nomagicagencycolinasdodouro\/wp-json\/wp\/v2\/product_cat?post=118"},{"taxonomy":"product_tag","embeddable":true,"href":"https:\/\/fixa.tech\/nomagicagencycolinasdodouro\/wp-json\/wp\/v2\/product_tag?post=118"}],"curies":[{"name":"wp","href":"https:\/\/api.w.org\/{rel}","templated":true}]}}